129
What is the highest common factor of 91 and 871?
13
Calculate the highest common factor of 228 and 1501.
19
Calculate the highest common factor of 874 and 152.
38
Calculate the greatest common divisor of 65 and 5.
5
What is the greatest common divisor of 7706 and 2?
2
Calculate the greatest common divisor of 703 and 74.
37
What is the highest common divisor of 188 and 16?
4
Calculate the greatest common divisor of 66 and 825.
33
What is the greatest common factor of 14892 and 657?
219
What is the highest common divisor of 2023 and 119?
119
What is the highest common factor of 144 and 456?
24
Calculate the greatest common factor of 77 and 407.
11
What is the greatest common divisor of 345 and 315?
15
What is the greatest common divisor of 380 and 855?
95
Calculate the highest common factor of 478 and 6.
2
What is the highest common divisor of 5 and 5?
5
What is the greatest common factor of 27 and 27?
27
What is the highest common divisor of 1584 and 9?
9
What is the greatest common divisor of 902 and 1078?
22
Calculate the greatest common factor of 558 and 198.
18
Calculate the greatest common divisor of 152 and 456.
152
Calculate the highest common divisor of 405 and 10368.
81
What is the highest common factor of 252 and 140?
28
Calculate the greatest common divisor of 476 and 357.
119
Calculate the highest common divisor of 39 and 767.
13
What is the greatest common divisor of 22 and 12551?
11
Calculate the greatest common factor of 60 and 18.
6
What is the greatest common divisor of 570 and 30?
30
Calculate the highest common factor of 1040 and 65.
65
What is the greatest common factor of 15542 and 38?
38
Calculate the greatest common divisor of 286 and 26.
26
What is the highest common factor of 10 and 11170?
10
What is the greatest common divisor of 17514 and 42?
42
Calculate the highest common factor of 34 and 51.
17
Calculate the greatest common factor of 188 and 9964.
188
Calculate the highest common divisor of 77 and 21.
7
What is the greatest common divisor of 160 and 140?
20
What is the highest common divisor of 26 and 533?
13
What is the highest common divisor of 35 and 35?
35
What is the greatest common divisor of 24 and 88?
8
Calculate the greatest common divisor of 53 and 848.
53
Calculate the highest common factor of 2924 and 85.
17
Calculate the greatest common divisor of 33 and 803.
11
What is the highest common divisor of 42 and 126?
42
Calculate the highest common divisor of 40 and 60.
20
Calculate the greatest common factor of 364 and 4641.
91
Calculate the highest common divisor of 232 and 1798.
58
What is the highest common factor of 221 and 455?
13
What is the greatest common factor of 64 and 2752?
64
What is the highest common divisor of 1134 and 1162?
14
What is the highest common factor of 9 and 75?
3
What is the highest common divisor of 12 and 20?
4
Calculate the greatest common factor of 350 and 518.
14
What is the highest common factor of 642 and 108?
6
What is the greatest common divisor of 96 and 5856?
96
What is the greatest common divisor of 108 and 60?
12
What is the highest common divisor of 33 and 2937?
33
Calculate the highest common factor of 276 and 348.
12
What is the highest common divisor of 4067 and 83?
83
Calculate the greatest common factor of 198 and 18.
18
Calculate the greatest common divisor of 68 and 14450.
34
Calculate the greatest common factor of 408 and 5576.
136
What is the highest common divisor of 206 and 515?
103
Calculate the greatest common divisor of 9073 and 211.
211
Calculate the greatest common factor of 3 and 79.
1
Calculate the highest common factor of 24 and 13000.
8
What is the greatest common factor of 873 and 679?
97
Calculate the highest common divisor of 50 and 5650.
50
Calculate the highest common divisor of 388 and 97.
97
Calculate the highest common divisor of 80 and 910.
10
What is the greatest common factor of 12608 and 160?
32
What is the highest common factor of 796 and 52?
4
Calculate the greatest common divisor of 6 and 96.
6
What is the greatest common divisor of 45 and 21360?
15
What is the greatest common divisor of 26 and 364?
26
What is the greatest common divisor of 21 and 903?
21
What is the highest common factor of 49 and 28?
7
Calculate the greatest common divisor of 464 and 592.
16
Calculate the greatest common factor of 225 and 4800.
75
Calculate the greatest common factor of 36 and 306.
18
Calculate the highest common factor of 483 and 84.
21
What is the greatest common factor of 363 and 484?
121
Calculate the greatest common factor of 261 and 319.
29
Calculate the greatest common divisor of 12 and 19284.
12
Calculate the greatest common factor of 384 and 12.
12
Calculate the highest common divisor of 22 and 1859.
11
Calculate the highest common divisor of 12 and 2004.
12
Calculate the greatest common factor of 8 and 156.
4
What is the greatest common divisor of 27 and 927?
9
What is the highest common factor of 42 and 29134?
14
Calculate the greatest common divisor of 4697 and 11.
11
What is the highest common factor of 60 and 24?
12
What is the greatest common divisor of 17 and 1819?
17
What is the highest common factor of 216 and 1356?
12
Calculate the greatest common divisor of 2794 and 2032.
254
What is the greatest common factor of 34230 and 210?
210
Calculate the highest common factor of 961 and 31.
31
Calculate the greatest common factor of 44 and 671.
11
Calculate the highest common divisor of 24 and 27.
3
What is the greatest common factor of 19 and 513?
19
Calculate the greatest common divisor of 528 and 60.
12
What is the greatest common divisor of 13 and 13?
13
What is the greatest common factor of 132 and 12?
12
Calculate the greatest common divisor of 290 and 15.
5
Calculate the greatest common divisor of 765 and 136.
17
What is the greatest common divisor of 507 and 1131?
39
What is the greatest common factor of 295 and 5?
5
Calculate the highest common divisor of 760 and 76.
76
Calculate the highest common factor of 65 and 247.
13
Calculate the highest common factor of 280 and 280.
280
What is the highest common factor of 1372 and 84?
28
Calculate the greatest common divisor of 8 and 2008.
8
Calculate the highest common factor of 296 and 333.
37
What is the greatest common factor of 279 and 2511?
279
Calculate the greatest common factor of 1863 and 345.
69
Calculate the highest common factor of 55152 and 72.
72
What is the highest common factor of 5 and 7435?
5
Calculate the greatest common factor of 20 and 880.
20
Calculate the highest common factor of 11999 and 497.
71
Calculate the greatest common divisor of 28 and 1022.
14
What is the highest common factor of 6062 and 28?
14
Calculate the highest common factor of 15 and 6267.
3
What is the highest common factor of 1846 and 78?
26
What is the highest common divisor of 260 and 1885?
65
Calculate the greatest common divisor of 190 and 76.
38
Calculate the highest common divisor of 2356 and 186.
62
Calculate the greatest common divisor of 1044 and 36.
36
Calculate the greatest common factor of 24 and 768.
24
What is the highest common factor of 210 and 1008?
42
What is the highest common factor of 69 and 184?
23
What is the highest common factor of 280 and 11032?
56
What is the greatest common factor of 34 and 40562?
34
What is the greatest common divisor of 14 and 448?
14
What is the highest common divisor of 357 and 63?
21
Calculate the highest common divisor of 3151 and 411.
137
Calculate the greatest common factor of 146 and 2.
2
What is the greatest common divisor of 20 and 424?
4
Calculate the greatest common factor of 36 and 24.
12
Calculate the greatest common factor of 252 and 84.
84
What is the greatest common factor of 10 and 666?
2
Calculate the highest common factor of 3456 and 3.
3
Calculate the highest common factor of 25 and 2425.
25
What is the greatest common factor of 55 and 11?
11
What is the greatest common divisor of 50243 and 47?
47
What is the greatest common factor of 19 and 2109?
19
What is the greatest common factor of 117 and 6071?
13
Calculate the greatest common factor of 1467 and 815.
163
Calculate the greatest common factor of 276 and 92.
92
What is the greatest common factor of 567 and 147?
21
What is the highest common factor of 539 and 14?
